t of x?
5
Let c be (-14)/(-105) - (-1 - (-28)/(-15)). Suppose 0 = -4*h - 5*f + 269, -287 = -4*h - c*f + 4*f. What is the units digit of h?
1
Let s(d) = -d**3 + 3*d**2 - 3*d + 3. Let f be s(4). Let x = -18 - f. Suppose 0 = 3*n - x*n + 112. What is the tens digit of n?
2
Suppose 5*z + 5*d - 265 = 0, 2*z - z + 2*d - 56 = 0. Suppose -169 = -3*v + z. What is the tens digit of v?
7
Suppose 11*s + 15820 = 50734. What is the tens digit of s?
7
Suppose 5*p - 4*y - 3443 = 0, 30*p - 3*y = 32*p - 1391. What is the hundreds digit of p?
6
Let j be (-17916)/45 - ((-4)/30 - 0). Let l = j + 599. What is the hundreds digit of l?
2
Let z be (-3*2 - -3)/1. Let g be -12*1/z*28. Suppose -56 = -3*v + g. What is the units digit of v?
6
Suppose -61*b = -42694 - 48989. What is the thousands digit of b?
1
Let u(t) = -308*t + 46. What is the units digit of u(-1)?
4
What is the tens digit of ((-1)/(-4))/(-1) + 24871/76?
2
Let a be ((4 + -1)/(-1))/((-1)/3). What is the units digit of a/(-18) - (-626)/4?
6
Let m be 1 + -3 + 0 - 0. Let j = m + 14. What is the units digit of j?
2
Suppose 0 = 5*i - 111 - 4. Let v be 8/20 + i/5. Suppose -v*y + 3*h = -163, 127 + 29 = 4*y + 4*h. What is the units digit of y?
5
Let o = 10 - 3. Suppose 4*l - l + o = -2*g, 4*g + 7 = l. What is the units digit of (92/8)/(g/(-4))?
3
Let y be (9 - 1)*2/4. Let c be (5/2)/((-3)/48). What is the units digit of 2/y - c/16?
3
Suppose 6*i - 1819 = 2*i - 5*a, -4 = 4*a. What is the hundreds digit of i?
4
Let o(j) = 80*j**2 + 25*j - 18. What is the hundreds digit of o(6)?
0
Let z(v) = -v**3 - 5*v**2 + 5*v + 7. Let k = -19 - -14. Let b be z(k). Let h = 21 - b. What is the units digit of h?
9
Let u = 14 - 12. Let n be (u - 6) + 2 + 0. What is the units digit of (-93)/n - (-6)/(-4)?
5
Let g = -74 - -170. Suppose 0 = 3*o - 339 - g. Suppose -2*z + o = 3*z. What is the tens digit of z?
2
Let d(t) = 3*t**3 - t**2 - t - 3. Let f be d(2). Suppose f*n - 1210 = 4*n. What is the hundreds digit of n?
1
Let c(x) = -x**2 + x + 4. Let b be c(4). Let z = 34 + b. Suppose -5*u + 25 = 3*v, 5*v = 5*u - 39 - z. What is the units digit of u?
8
Let y(p) = -p**2 - p. Let n(l) = -3*l**2 + l + 2. Let b(c) = -n(c) + 2*y(c). Let z be b(4). What is the tens digit of z/(-2)*(-3 + -21)?
2
Let u = -2 - -5. Let m be u - ((-12)/(-4) + -3). Suppose -4*h + 0*h + 94 = -2*f, m*f - 101 = -5*h. What is the tens digit of h?
2
Let j be 130/(-8) - 1/(-4). Let d be 6/(-18) - j/3. Suppose 58 = 5*c - d*h + 8, -c = h - 18. What is the units digit of c?
4
Let t(u) = 5*u - 10. Let f be t(5). Let v = 17 - f. Suppose 14 = 4*x - v*r, 5*x + 2 = -r + 9. What is the units digit of x?
2
Let t(q) = -2*q - 6. Let b be t(-5). Suppose m = 7 - 2, 4*d + b*m = 64. Let y(g) = 3*g - 27. What is the units digit of y(d)?
6
Let w = 29 + -92. Let s = -117 - w. Let r = -25 - s. What is the units digit of r?
9
Let i be 4/18 + 6/(-27). Suppose 0 = -i*u - u. What is the units digit of 0/1 + u - -40?
0
Let q = 66 + -31. Let m = 72 - q. What is the units digit of m?
7
Let f = 280 + -470. Let q = 297 + f. What is the units digit of q?
7
Let x(j) = j**2 + 2*j - 4. Let k be x(-3). What is the units digit of k/(-2) - 2533/(-34)?
5
Suppose 0*a + 3*a + 2*q - 1017 = 0, 1720 = 5*a - 5*q. What is the tens digit of a?
4
Let i be -3*3*6/(-27). Let u(f) = f - 7. Let o(j) = -j + 7. Let t(s) = i*u(s) + 3*o(s). What is the units digit of t(5)?
2
Suppose 4*z = 5*z - 4*t + 15, -z + 21 = 5*t. Let b(o) = -1. Let m(n) = -n + 4. Let h(j) = -4*b(j) - m(j). What is the units digit of h(z)?
1
Suppose -4*p - 5*u = -0 - 7, -4*p - 2*u + 10 = 0. What is the tens digit of 3 + (-2 + 227)/p?
7
Let h(v) = -43*v - 148. What is the tens digit of h(-10)?
8
Suppose r + 5*p = -9, 3*r + 5*p - 3 = -0*r. Suppose -r = 4*n - 6*n. What is the units digit of n?
3
Let h = -7 - -11. What is the tens digit of h/(-18) + (-695)/(-9)?
7
Let d be (4950/(-40))/((-1)/20). Suppose 4*o = 19*o - d. What is the hundreds digit of o?
1
Let d(x) = -8*x - 32. Let l be d(-11). Let w = l + -39. What is the units digit of w?
7
Suppose -x + 46 - 43 = 0. Suppose 2*c - 8*q + x*q - 163 = 0, 5*c = -5*q + 355. What is the units digit of c?
4
Suppose -23 = -3*b + 7. Suppose -286 + b = -3*z. Suppose 0 = -0*t - 4*t + z. What is the units digit of t?
3
Let r be 13 + 2/(-5)*-5. Let a = 51 - r. What is the units digit of a?
6
Let u(t) = t**3 + 6*t**2 - 7*t - 11. Let n be 1*18/((-12)/4). What is the units digit of u(n)?
1
Let k be (4*(-3 - (-52)/16))/(-1). What is the hundreds digit of (-114)/4*1/(k/6)?
1
Let b = 1784 - 521. What is the tens digit of b?
6
Let g be ((-3 - -10) + -1)/2. Suppose 20 = -g*a - a. Let p = a - -27. What is the units digit of p?
2
What is the units digit of (-5 - -1233) + 8*8/64?
9
What is the tens digit of (33 - 86)*(-18 + 2)?
4
Suppose 221*x - 2643 = 220*x. What is the hundreds digit of x?
6
Suppose -2*c - c + 6 = 0. Suppose 1 = c*d - 3, 2*d = -5*v + 744. Suppose 5*m = 97 + v. What is the tens digit of m?
4
Let x = -413 + 704. What is the hundreds digit of x?
2
Let k(c) = -c**3 - 22*c**2 + 22*c + 61. Let l = -25 - -2. What is the units digit of k(l)?
4
What is the units digit of ((-49)/(-21))/(-7)*-10722?
4
Let z be ((-36)/(-16))/1 - (-3)/(-12). Suppose -z*f + 348 = f. What is the tens digit of f?
1
Suppose 0 = -3*n - 2*c + 19, -c = -4*n - n + 10. What is the tens digit of 1 - (n + -6 + -17)?
2
Suppose -l = 5*l - 30. Suppose 2*i + 555 = l*w, 0 = 3*w - 2*i + 5*i - 312. What is the hundreds digit of w?
1
Let q be 4*2/(-10)*30/(-12). Suppose 2*l - 172 = 2*m, 0 = -q*m + 7 + 1. What is the tens digit of l?
9
Let r(j) be the second derivative of -j**4/12 - 3*j**3/2 - 3*j**2 + 4*j. What is the tens digit of r(-6)?
1
Suppose -o - 7*o = -32. Suppose 2*s = -0*r - o*r + 104, -4*s = -2*r + 72. What is the tens digit of r?
2
Suppose k - 750 = 11*k. What is the tens digit of (-4)/30 + (-3535)/k?
4
Let h(g) = -g**3 - g**2 + 54*g + 17. What is the units digit of h(-12)?
3
Let p be ((-36)/10)/(2/10). Let s = 19 + p. Let x(c) = 23*c**3 - 1. What is the tens digit of x(s)?
2
Let p = 1394 + -124. Suppose -4*a = -14*a + p. What is the units digit of a?
7
What is the tens digit of 849 + -2 - (0 + 9)?
3
Let u(r) = 1. Let q(y) = y**3 - 3*y - 1. Let v be q(0). Let n(j) = 4*j - 1. Let w(a) = v*n(a) - 3*u(a). What is the units digit of w(-13)?
0
Let z = -15 - -22. Let v be z/2 + (-12)/(-8). Suppose -p + 2*m + 10 + 17 = 0, 5*m + 150 = v*p. What is the tens digit of p?
3
Let d = 8 - 4. Suppose o + 3*o - d*v = 0, 3*v = o - 4. What is the units digit of o/(-6)*-1*-6?
2
Suppose 2*n - 7 = -h, -3*h + 3 = 3*n - 6. Let w(r) = r**2 + 7*r - 10. Let j be w(-8). Let s = h - j. What is the units digit of s?
1
Let m = 1918 - 1066. What is the hundreds digit of m?
8
Suppose -3001 = -13*a + 29447. What is the units digit of a?
6
Let z = 1188 - 654. What is the tens digit of z?
3
Suppose -448 = 4*q - 6*q. Let g be q/6 + (-20)/(-30). What is the units digit of (6 + -9)*g/(-6)?
9
Suppose j - 5 - 20 = -5*v, -2*v + 32 = -4*j. Suppose -v*h = -h - 260. What is the units digit of h?
2
Let f = 14 + -68. What is the tens digit of (-7515)/f - 1/6?
3
What is the hundreds digit of ((-1505)/(-70))/(0 - 3/(-18))?
1
Let k(i) = -i**3 - 5*i**2 - 9*i + 8. What is the tens digit of k(-6)?
9
Suppose 3*n = 28 + 44. Suppose 4*k + n = 4*d, 3*d - 2 = 10. What is the tens digit of 6 + k - -18 - -3?
2
Let h be (-1)/(-1 - (-2)/4). Suppose h + 434 = 4*z. Suppose -2*v = -z + 3. What is the units digit of v?
3
Let t(h) = -5*h - 1. Let x be t(-1). Suppose -q - 4*c - 5 = -1, x*c = -2*q. What is the units digit of q + (54/2)/1?
1
Let g(w) = w - 7. Let j be g(9). Suppose 5*r - j*i = 8, -4*r - 3*i = -10 - 1. Suppose -5*t = 3*s - 62, -5*t - r*s + 30 + 33 = 0. What is the units digit of t?
3
Suppose 0 = -5*u + 2*a + 555, 0*u - 5*u - a = -555. What is the hundreds digit of u?
1
Let b(i) = 20*i**2 + 9*i + 18. What is the units digit of b(-4)?
2
Suppose 3 - 7 = -s. Let x = 421 - 217. Suppose s*d - x = -5*m, 0 = -5*d - 2*m + 333 - 78. What is the tens digit of d?
5
Suppose -3*x = 5*w - 16733, 5*w - x = -6*x + 16735. What is the hundreds digit of w?
3
Let r = 350 - 118. Let k = r + -107. What is the units digit of k?
5
Let s(c) be the third derivative of -c**6/60 + 4*c**5/15 - c**4/4 - c**3 + 4*c**2. What is the te